{"id":41,"date":"2012-03-05T12:15:02","date_gmt":"2012-03-05T12:15:02","guid":{"rendered":"http:\/\/www.wir-in-bochum.de\/?page_id=41"},"modified":"2012-05-02T18:34:29","modified_gmt":"2012-05-02T18:34:29","slug":"partner-im-bundnis","status":"publish","type":"page","link":"https:\/\/buergerbegehren-musikzentrum.de\/?page_id=41","title":{"rendered":"Positionen"},"content":{"rendered":"<p>Zu dem initiierten B\u00fcrgerbegehren und dem Musikzentrum, gibt es viele unterschiedliche Positionen und Meinungen. Einige Verb\u00e4nde, Parteien und Personen haben diese bereits selbst oder \u00fcber die Presse ver\u00f6ffentlicht.<\/p>\n<p>An dieser Stelle sind wir bem\u00fcht die verschiedenen Positionen einander gegen\u00fcber zu stellen, damit sich jeder ein eigenes Bild machen kann. Damit die Positionen besser vergleichbar sind, werden wir die Beteiligten auffordern, hinsichtlich eines vorgegebenen Fragenkataloges Stellung zu beziehen.<\/p>\n<p>Bis die Antworten zu diesem Fragenkatalog vorliegen, k\u00f6nnen sie hier die unterschiedlichen Positionen in verschiedenen Stellungnahmen oder Pressemeldungen nachvollziehen:<\/p>\n<p><a title=\"PIRATEN Bochum \u2013 Position zum Musikzentrum\" href=\"http:\/\/buergerbegehren-musikzentrum.de\/?p=111\" target=\"_blank\">PIRATEN Bochum<\/a><br \/>\n<a href=\"http:\/\/www.ruhrnachrichten.de\/lokales\/bochum\/SPD-erteilt-dem-Ratsbuergerentscheid-eine-Absage;art932,1584258\" target=\"_blank\">SPD<\/a>, <a href=\"http:\/\/www.thomas-eiskirch.de\/wp-content\/uploads\/2011\/02\/fakten_musikzentrum.pdf\" target=\"_blank\">Th. Eiskirch<\/a><br \/>\n<a href=\"http:\/\/www.cdu-bochum.de\/mitteilung-lesen-520\/items\/cdu-ratsfraktion-unsere-position-zum-musikzentrum.html\" target=\"_blank\">CDU<\/a><br \/>\n<a href=\"http:\/\/gruene-bochum.de\/startseite\/?no_cache=1&amp;expand=395610&amp;displayNon=1&amp;cHash=00e6e66e05079ecd0433a567c5c7cb49http:\/\/gruene-bochum.de\/meta-navigation\/gruene-themen\/musikzentrum\/\" target=\"_blank\">Die Gr\u00fcnen<\/a><br \/>\n<a href=\"http:\/\/www.uwg-wattenscheid.de\/index.php\/118-news-uwg-musikzentrum-buergerbegehren\" target=\"_blank\">UWG<br \/>\n<\/a><a href=\"http:\/\/www.fdpbochum.de\/files\/pm_buergerbegehren_musikzentrum.pdf\" target=\"_blank\">FDP<\/a><br \/>\n<a href=\"http:\/\/www.fbbochum.de\/index.php?article_id=427\" target=\"_blank\">Freie W\u00e4hler<\/a><br \/>\nDie Linke<br \/>\n<a href=\"http:\/\/www.soziale-liste-bochum.de\/\" target=\"_blank\">Soziale Liste<\/a><br \/>\n<a href=\"http:\/\/musik-zentrum-bochum.de\/\" target=\"_blank\">Stiftung Bochumer Symphonie<\/a><br \/>\n<a href=\"http:\/\/http:\/\/www.derwesten.de\/staedte\/bochum\/buergerbegehren-wird-vorbereitet-id6452936.html\" target=\"_blank\"> Stadt Bochum<\/a>\u00a0(Stellungnahmen \u00fcber Presse)<br \/>\n<a href=\"http:\/\/www.steuerzahler-nrw.de\/Ein-Konzerthaus-fuer-Bochums-Klagelieder\/35199c42691i1p131\/index.html\" target=\"_blank\">Bund der Steuerzahler NRW<\/a><\/p>\n","protected":false},"excerpt":{"rendered":"<p>Zu dem initiierten B\u00fcrgerbegehren und dem Musikzentrum, gibt es viele unterschiedliche Positionen und Meinungen. Einige Verb\u00e4nde, Parteien und Personen haben diese bereits selbst oder \u00fcber die Presse ver\u00f6ffentlicht. An dieser Stelle sind wir bem\u00fcht die verschiedenen Positionen einander gegen\u00fcber zu stellen, damit sich jeder ein eigenes Bild machen kann. Damit die Positionen besser vergleichbar sind,<a class=\"read-more\" href=\"https:\/\/buergerbegehren-musikzentrum.de\/?page_id=41\"> [&hellip;]<\/a><\/p>\n","protected":false},"author":1,"featured_media":0,"parent":0,"menu_order":3,"comment_status":"open","ping_status":"open","template":"","meta":{"footnotes":""},"class_list":["post-41","page","type-page","status-publish","hentry"],"publishpress_future_action":{"enabled":false,"date":"2026-04-26 17:28:45","action":"change-status","newStatus":"draft","terms":[],"taxonomy":"","extraData":[]},"publishpress_future_workflow_manual_trigger":{"enabledWorkflows":[]},"_links":{"self":[{"href":"https:\/\/buergerbegehren-musikzentrum.de\/index.php?rest_route=\/wp\/v2\/pages\/41","targetHints":{"allow":["GET"]}}],"collection":[{"href":"https:\/\/buergerbegehren-musikzentrum.de\/index.php?rest_route=\/wp\/v2\/pages"}],"about":[{"href":"https:\/\/buergerbegehren-musikzentrum.de\/index.php?rest_route=\/wp\/v2\/types\/page"}],"author":[{"embeddable":true,"href":"https:\/\/buergerbegehren-musikzentrum.de\/index.php?rest_route=\/wp\/v2\/users\/1"}],"replies":[{"embeddable":true,"href":"https:\/\/buergerbegehren-musikzentrum.de\/index.php?rest_route=%2Fwp%2Fv2%2Fcomments&post=41"}],"version-history":[{"count":8,"href":"https:\/\/buergerbegehren-musikzentrum.de\/index.php?rest_route=\/wp\/v2\/pages\/41\/revisions"}],"predecessor-version":[{"id":2170,"href":"https:\/\/buergerbegehren-musikzentrum.de\/index.php?rest_route=\/wp\/v2\/pages\/41\/revisions\/2170"}],"wp:attachment":[{"href":"https:\/\/buergerbegehren-musikzentrum.de\/index.php?rest_route=%2Fwp%2Fv2%2Fmedia&parent=41"}],"curies":[{"name":"wp","href":"https:\/\/api.w.org\/{rel}","templated":true}]}}