{"id":69,"date":"2012-03-06T18:50:18","date_gmt":"2012-03-06T18:50:18","guid":{"rendered":"http:\/\/www.wir-in-bochum.de\/?page_id=69"},"modified":"2012-07-07T17:23:55","modified_gmt":"2012-07-07T17:23:55","slug":"termine","status":"publish","type":"page","link":"https:\/\/buergerbegehren-musikzentrum.de\/?page_id=69","title":{"rendered":"Termine"},"content":{"rendered":"<p><strong><span style=\"color: red;\"><strong><strong>13.09.2012<br \/>\n<\/strong><\/strong><\/span><\/strong><span style=\"color: #000000;\">Datum, zu dem die Entscheidung \u00fcber den Bau des Musikzentrums durch den Rat getroffen werden kann.<\/span><\/p>\n<p><strong><span style=\"color: red;\"><strong>04.10.2012<br \/>\n<\/strong><\/span><\/strong><span style=\"color: #000000;\">Voraussichtliches Ende der Unterschriftensammlung f\u00fcr ein kassierenden B\u00fcrgerbegehren Musikzentrum und \u00dcbergabe der Unterschriften an die Stadt.<\/p>\n<p><strong><span style=\"color: #ff0000;\"><strong>10.07.2012 (neu)<\/strong><\/span><br \/>\n<\/strong>Treffen der Unterst\u00fctzer des B\u00fcrgerbegehrens, Ebstein, Herner Stra\u00dfe 11, 20:00 Uhr,\u00a0<a href=\"http:\/\/http:\/\/www.facebook.com\/events\/113047558839307\/\" target=\"_blank\">mehr anzeigen\u00a0<\/a><\/span><\/p>\n<p><span style=\"color: #000000;\"><strong><span style=\"color: #ff0000;\">05.07.2012<\/span><br \/>\n<\/strong>Der Rat hat die Entscheidung getroffen, dass die Bedingungen zum Bau des Musikzentrums erf\u00fcllt sind und das Musikzentrum gebaut werden soll.<\/span><\/p>\n<p><strong><span style=\"color: red;\">28.06.2012<\/span><br \/>\n<\/strong>Datum zu dem urspr\u00fcnglich die Entscheidung \u00fcber den Bau des Musikzentrums durch den Rat getroffen werden sollte. Da absehbar bis dahin jedoch weder die F\u00f6rderbescheide vorliegen noch eine Planung, die den Kostenrahmen einh\u00e4lt, kann dieser Termin kaum eingehalten werden.<\/p>\n<p><strong style=\"color: #ff0000;\">17.06.2012<br \/>\n<\/strong><a href=\"http:\/\/www.lokalkompass.de\/bochum\/politik\/ehrenwort-der-initiatoren-die-erforderliche-zahl-der-buerger-wird-fuer-das-buergerbegehren-musikzentrum-unterschreiben-d179275.html\" target=\"_blank\">Ehrenworterkl\u00e4rung\u00a0<\/a>der Initiatoren, dass die erforderliche Zahl der B\u00fcrger f\u00fcr das B\u00fcrgerbegehren Musikzentrum unterschreiben wird.<\/p>\n<p><strong><span style=\"color: red;\">14.06.2012<\/span><br \/>\n<\/strong><del>Voraussichtliches Ende der Unterschriftensammlung f\u00fcr das B\u00fcrgerbegehren Musikzentrum und \u00dcbergabe der Unterschriften an die Stadt.<\/del>\u00a0Da absehbar ist, dass die Stadt erst am 13.09.12 den Baubeschluss treffen kann, bleibt bis kurz vor diesem Termin Zeit Unterschriften zu sammeln.<\/p>\n<p><strong><span style=\"color: red;\">31.05.2012<br \/>\n<\/span><\/strong>Stichtag zur rechtssicheren Bereitstellung der Stiftungsmittel zum Bau des Musikzentrums. \u00a0Termin ist verstrichen, ohne dass die Mittel bereit gestellt wurden, da diese nicht verf\u00fcgbar sind (siehe:\u00a0<a href=\"http:\/\/http\/\/www.derwesten.de\/staedte\/bochum\/stiftung-schweigt-zum-stichtag-id6717040.html\" target=\"_blank\">Stiftung schweigt zum Stichtag<\/a>)<\/p>\n<p>_______________________________________________________________<\/p>\n<p><strong>10.04.2012\u00a0<\/strong><br \/>\nStart der Unterschriftensammlung f\u00fcr das B\u00fcrgerbegehren Musikzentrum<\/p>\n<p><strong>02.04.2012<br \/>\n<\/strong>Kostensch\u00e4tzung f\u00fcr B\u00fcrgerbegehren liegt vor.<\/p>\n<p><strong>20.03.2012<br \/>\n<\/strong>Rechtsdezernentin Fr. J\u00e4gers verspricht, dass Kostensch\u00e4tzung f\u00fcr B\u00fcrgerbegehren bis zum 04.04.2012 vorliegt<\/p>\n<p><strong>20.03.2012<br \/>\n<\/strong>Gespr\u00e4ch mit Rechtsdezernentin Fr. J\u00e4gers, Stadtbaurat Kratzsch und Kulturdezernent \u00a0Townsend. Die von Refererent Sichelt zuvor gegen\u00fcber PIRATEN und Symphonikern versprochenen Kostenunterlagen werden nicht \u00fcbergeben.<\/p>\n","protected":false},"excerpt":{"rendered":"<p>13.09.2012 Datum, zu dem die Entscheidung \u00fcber den Bau des Musikzentrums durch den Rat getroffen werden kann. 04.10.2012 Voraussichtliches Ende der Unterschriftensammlung f\u00fcr ein kassierenden B\u00fcrgerbegehren Musikzentrum und \u00dcbergabe der Unterschriften an die Stadt. 10.07.2012 (neu) Treffen der Unterst\u00fctzer des B\u00fcrgerbegehrens, Ebstein, Herner Stra\u00dfe 11, 20:00 Uhr,\u00a0mehr anzeigen\u00a0 05.07.2012 Der Rat hat die Entscheidung getroffen,<a class=\"read-more\" href=\"https:\/\/buergerbegehren-musikzentrum.de\/?page_id=69\"> [&hellip;]<\/a><\/p>\n","protected":false},"author":1,"featured_media":0,"parent":0,"menu_order":3,"comment_status":"open","ping_status":"open","template":"","meta":{"footnotes":""},"class_list":["post-69","page","type-page","status-publish","hentry"],"publishpress_future_action":{"enabled":false,"date":"2026-04-27 05:48:26","action":"change-status","newStatus":"draft","terms":[],"taxonomy":"","extraData":[]},"publishpress_future_workflow_manual_trigger":{"enabledWorkflows":[]},"_links":{"self":[{"href":"https:\/\/buergerbegehren-musikzentrum.de\/index.php?rest_route=\/wp\/v2\/pages\/69","targetHints":{"allow":["GET"]}}],"collection":[{"href":"https:\/\/buergerbegehren-musikzentrum.de\/index.php?rest_route=\/wp\/v2\/pages"}],"about":[{"href":"https:\/\/buergerbegehren-musikzentrum.de\/index.php?rest_route=\/wp\/v2\/types\/page"}],"author":[{"embeddable":true,"href":"https:\/\/buergerbegehren-musikzentrum.de\/index.php?rest_route=\/wp\/v2\/users\/1"}],"replies":[{"embeddable":true,"href":"https:\/\/buergerbegehren-musikzentrum.de\/index.php?rest_route=%2Fwp%2Fv2%2Fcomments&post=69"}],"version-history":[{"count":37,"href":"https:\/\/buergerbegehren-musikzentrum.de\/index.php?rest_route=\/wp\/v2\/pages\/69\/revisions"}],"predecessor-version":[{"id":519,"href":"https:\/\/buergerbegehren-musikzentrum.de\/index.php?rest_route=\/wp\/v2\/pages\/69\/revisions\/519"}],"wp:attachment":[{"href":"https:\/\/buergerbegehren-musikzentrum.de\/index.php?rest_route=%2Fwp%2Fv2%2Fmedia&parent=69"}],"curies":[{"name":"wp","href":"https:\/\/api.w.org\/{rel}","templated":true}]}}